{"id":5546,"date":"2024-04-13T07:11:41","date_gmt":"2024-04-13T05:11:41","guid":{"rendered":"https:\/\/fugleskydning.dk\/?page_id=5546"},"modified":"2024-04-20T08:37:31","modified_gmt":"2024-04-20T06:37:31","slug":"marie-olsen","status":"publish","type":"page","link":"https:\/\/fugleskydning.dk\/?page_id=5546","title":{"rendered":"Marie Olsen"},"content":{"rendered":"<div id='av_section_1'  class='avia-section av-8wkbt6-545f2c86618d22fc45eabbb11aa7d0d4 main_color avia-section-default avia-no-border-styling  avia-builder-el-0  el_before_av_one_fourth  avia-builder-el-first  avia-bg-style-scroll container_wrap sidebar_right'  ><div class='container av-section-cont-open' ><main  role=\"main\" itemprop=\"mainContentOfPage\"  class='template-page content  av-content-small alpha units'><div class='post-entry post-entry-type-page post-entry-5546'><div class='entry-content-wrapper clearfix'>\n\n<style type=\"text\/css\" data-created_by=\"avia_inline_auto\" id=\"style-css-av-luxn5pms-e984ddd27b6d82db3c33a68ae3f18f38\">\n#top .av-special-heading.av-luxn5pms-e984ddd27b6d82db3c33a68ae3f18f38{\npadding-bottom:10px;\nfont-size:52px;\n}\nbody .av-special-heading.av-luxn5pms-e984ddd27b6d82db3c33a68ae3f18f38 .av-special-heading-tag .heading-char{\nfont-size:25px;\n}\n#top #wrap_all .av-special-heading.av-luxn5pms-e984ddd27b6d82db3c33a68ae3f18f38 .av-special-heading-tag{\nfont-size:52px;\n}\n.av-special-heading.av-luxn5pms-e984ddd27b6d82db3c33a68ae3f18f38 .av-subheading{\nfont-size:24px;\n}\n<\/style>\n<div  class='av-special-heading av-luxn5pms-e984ddd27b6d82db3c33a68ae3f18f38 av-special-heading-h2 blockquote modern-quote modern-centered  avia-builder-el-1  el_before_av_hr  avia-builder-el-first  av-inherit-size'><h2 class='av-special-heading-tag'  itemprop=\"headline\"  >Marie Olsen<\/h2><div class='av-subheading av-subheading_below'><p>Har malet 2 konge platter 2009 og 2011.<\/p>\n<\/div><div class=\"special-heading-border\"><div class=\"special-heading-inner-border\"><\/div><\/div><\/div>\n\n<style type=\"text\/css\" data-created_by=\"avia_inline_auto\" id=\"style-css-av-7ugddm-da0020fc99e23dbaed84be590aec9a49\">\n#top .hr.av-7ugddm-da0020fc99e23dbaed84be590aec9a49{\nmargin-top:30px;\nmargin-bottom:30px;\n}\n.hr.av-7ugddm-da0020fc99e23dbaed84be590aec9a49 .hr-inner{\nwidth:50px;\nmax-width:45%;\n}\n<\/style>\n<div  class='hr av-7ugddm-da0020fc99e23dbaed84be590aec9a49 hr-custom  avia-builder-el-2  el_after_av_heading  avia-builder-el-last  hr-center hr-icon-yes'><span class='hr-inner inner-border-av-border-thin'><span class=\"hr-inner-style\"><\/span><\/span><span class='av-seperator-icon' aria-hidden='true' data-av_icon='\ue844' data-av_iconfont='fontello'><\/span><span class='hr-inner inner-border-av-border-thin'><span class=\"hr-inner-style\"><\/span><\/span><\/div>\n<\/div><\/div><\/main><!-- close content main element --><\/div><\/div><div id='after_section_1'  class='main_color av_default_container_wrap container_wrap sidebar_right'  ><div class='container av-section-cont-open' ><div class='template-page content  av-content-small alpha units'><div class='post-entry post-entry-type-page post-entry-5546'><div class='entry-content-wrapper clearfix'>\n<div class='flex_column av-6ib1oq-9dd005182af7c28c9e1def72da646172 av_one_fourth  avia-builder-el-3  el_after_av_section  el_before_av_one_half  avia-builder-el-first  first flex_column_div '   ><\/div>\n<div class='flex_column av-4dqpai-b26c80171ad0d2e24aed8becfbaa7ae0 av_one_half  avia-builder-el-4  el_after_av_one_fourth  el_before_av_one_fourth  flex_column_div '   ><section  class='av_textblock_section av-luxnflc0-a57eac69c24cf995f9485f370fabc517'  itemscope=\"itemscope\" itemtype=\"https:\/\/schema.org\/CreativeWork\" ><div class='avia_textblock'  itemprop=\"text\" ><p><img loading=\"lazy\" decoding=\"async\" class=\"aligncenter wp-image-5549 size-full\" src=\"https:\/\/fugleskydning.dk\/wp-content\/uploads\/2024\/04\/10028_606_606_0_0_0_0_2.jpg\" alt=\"\" width=\"606\" height=\"402\" srcset=\"https:\/\/fugleskydning.dk\/wp-content\/uploads\/2024\/04\/10028_606_606_0_0_0_0_2.jpg 606w, https:\/\/fugleskydning.dk\/wp-content\/uploads\/2024\/04\/10028_606_606_0_0_0_0_2-300x199.jpg 300w\" sizes=\"auto, (max-width: 606px) 100vw, 606px\" \/><\/p>\n<p>Marie Olsen kom til Kors\u00f8r fra Slagelse og arbejdede i mange \u00e5r som sygehj\u00e6lper p\u00e5 Kors\u00f8r Sygehus.<\/p>\n<p>Som kunstner var Marie Olsen autodidakt og hendes talent sp\u00e6ndte bredt. Ud over de to Konge-platter, som hun malede for Kors\u00f8r Fugleskydnings- og Forsk\u00f8nnelsesselskab i 2009 og 2011, lavede hun akrylmalerier p\u00e5 l\u00e6rred, akvareller, collager og linoleumstryk. Hun har i to omgange lavet motiver til postkort af Kors\u00f8r, ligesom hun har lavet det logo, der er p\u00e5 alle udl\u00e5nsmaterialer p\u00e5 Kors\u00f8r Bibliotek.<\/p>\n<p>Marie Olsen var medlem af Kunstnergruppen Storeb\u00e6lt i 30 \u00e5r og deltog hvert \u00e5r i den traditionelle Efter\u00e5rsudstilling i Magasinet p\u00e5 F\u00e6stningen i Kors\u00f8r. Deltagelsen i kunstnergruppens Sommerudstilling bragte hendes v\u00e6rker langt omkring \u2013 blandt andet til Filosofgangen i Odense, Kulturspinderiet i Silkeborg, Langes Magasin i Frederikssund, Vandt\u00e5rnet i Nyk\u00f8bing Falster og X- Porten p\u00e5 Hundested Havn. Ogs\u00e5 lokalt h\u00e6nger hendes malerier i rigtig mange hjem.<\/p>\n<p>Marie Olsen var ligeledes aktivt medlem af Kunstnerv\u00e6rkstedet Kabeldepotet, hvor hun gerne fortalte bes\u00f8gende om sine kunstneriske processer. Hun sagde altid: \u201dMin arbejdsform er meget lystbetonet og mit materiale- og temavalg meget forskelligt\u201d.<\/p>\n<h2 style=\"text-align: center;\"><strong>Marie Olsen har malet disse 2 konge platter.<\/strong><\/h2>\n<h2 style=\"text-align: center;\"><a href=\"https:\/\/fugleskydning.dk\/?portfolio=advokat-arne-weldingh-2009\">Advokat Arne Weldingh Fuglekonge 2009 og Statsminister 1995-2009<\/a><\/h2>\n<p><img loading=\"lazy\" decoding=\"async\" class=\"aligncenter wp-image-321 size-full\" src=\"https:\/\/fugleskydning.dk\/wp-content\/uploads\/2022\/06\/7664b7d3e2.gif\" alt=\"\" width=\"600\" height=\"598\" \/><\/p>\n<h2 style=\"text-align: center;\"><a href=\"https:\/\/fugleskydning.dk\/?portfolio=assurandoer-taksator-soeren-bak-gulev-2011\">Assurand\u00f8r\/Taksator S\u00f8ren Bak-Gulev Fuglekonge 2011<\/a><\/h2>\n<p><img loading=\"lazy\" decoding=\"async\" class=\"aligncenter wp-image-315 size-full\" src=\"https:\/\/fugleskydning.dk\/wp-content\/uploads\/2022\/06\/1d87b65948.gif\" alt=\"\" width=\"600\" height=\"599\" \/><\/p>\n<p><img loading=\"lazy\" decoding=\"async\" class=\"alignnone size-medium wp-image-4971\" src=\"https:\/\/fugleskydning.dk\/wp-content\/uploads\/2023\/01\/kffs-300x71.jpg\" alt=\"\" width=\"300\" height=\"71\" srcset=\"https:\/\/fugleskydning.dk\/wp-content\/uploads\/2023\/01\/kffs-300x71.jpg 300w, https:\/\/fugleskydning.dk\/wp-content\/uploads\/2023\/01\/kffs.jpg 460w\" sizes=\"auto, (max-width: 300px) 100vw, 300px\" \/><\/p>\n<h2 style=\"text-align: center;\">Et par af Marie Olsens v\u00e6rker.<\/h2>\n<p><img loading=\"lazy\" decoding=\"async\" class=\"aligncenter wp-image-5550 size-large\" src=\"https:\/\/fugleskydning.dk\/wp-content\/uploads\/2024\/04\/IMG_1457-753x1030.jpg\" alt=\"\" width=\"753\" height=\"1030\" srcset=\"https:\/\/fugleskydning.dk\/wp-content\/uploads\/2024\/04\/IMG_1457-753x1030.jpg 753w, https:\/\/fugleskydning.dk\/wp-content\/uploads\/2024\/04\/IMG_1457-219x300.jpg 219w, https:\/\/fugleskydning.dk\/wp-content\/uploads\/2024\/04\/IMG_1457-768x1050.jpg 768w, https:\/\/fugleskydning.dk\/wp-content\/uploads\/2024\/04\/IMG_1457-1123x1536.jpg 1123w, https:\/\/fugleskydning.dk\/wp-content\/uploads\/2024\/04\/IMG_1457-1498x2048.jpg 1498w, https:\/\/fugleskydning.dk\/wp-content\/uploads\/2024\/04\/IMG_1457-1097x1500.jpg 1097w, https:\/\/fugleskydning.dk\/wp-content\/uploads\/2024\/04\/IMG_1457-516x705.jpg 516w, https:\/\/fugleskydning.dk\/wp-content\/uploads\/2024\/04\/IMG_1457.jpg 1568w\" sizes=\"auto, (max-width: 753px) 100vw, 753px\" \/> <img loading=\"lazy\" decoding=\"async\" class=\"aligncenter wp-image-5551 size-large\" src=\"https:\/\/fugleskydning.dk\/wp-content\/uploads\/2024\/04\/IMG_1458-1030x875.jpg\" alt=\"\" width=\"1030\" height=\"875\" srcset=\"https:\/\/fugleskydning.dk\/wp-content\/uploads\/2024\/04\/IMG_1458-1030x875.jpg 1030w, https:\/\/fugleskydning.dk\/wp-content\/uploads\/2024\/04\/IMG_1458-300x255.jpg 300w, https:\/\/fugleskydning.dk\/wp-content\/uploads\/2024\/04\/IMG_1458-768x653.jpg 768w, https:\/\/fugleskydning.dk\/wp-content\/uploads\/2024\/04\/IMG_1458-1536x1305.jpg 1536w, https:\/\/fugleskydning.dk\/wp-content\/uploads\/2024\/04\/IMG_1458-2048x1740.jpg 2048w, https:\/\/fugleskydning.dk\/wp-content\/uploads\/2024\/04\/IMG_1458-1500x1274.jpg 1500w, https:\/\/fugleskydning.dk\/wp-content\/uploads\/2024\/04\/IMG_1458-705x599.jpg 705w\" sizes=\"auto, (max-width: 1030px) 100vw, 1030px\" \/><\/p>\n<p><img loading=\"lazy\" decoding=\"async\" class=\"aligncenter wp-image-5555 size-large\" src=\"https:\/\/fugleskydning.dk\/wp-content\/uploads\/2024\/04\/IMG_1608-Marie--1030x618.jpg\" alt=\"\" width=\"1030\" height=\"618\" srcset=\"https:\/\/fugleskydning.dk\/wp-content\/uploads\/2024\/04\/IMG_1608-Marie--1030x618.jpg 1030w, https:\/\/fugleskydning.dk\/wp-content\/uploads\/2024\/04\/IMG_1608-Marie--300x180.jpg 300w, https:\/\/fugleskydning.dk\/wp-content\/uploads\/2024\/04\/IMG_1608-Marie--768x461.jpg 768w, https:\/\/fugleskydning.dk\/wp-content\/uploads\/2024\/04\/IMG_1608-Marie--1536x922.jpg 1536w, https:\/\/fugleskydning.dk\/wp-content\/uploads\/2024\/04\/IMG_1608-Marie--2048x1229.jpg 2048w, https:\/\/fugleskydning.dk\/wp-content\/uploads\/2024\/04\/IMG_1608-Marie--1500x900.jpg 1500w, https:\/\/fugleskydning.dk\/wp-content\/uploads\/2024\/04\/IMG_1608-Marie--705x423.jpg 705w\" sizes=\"auto, (max-width: 1030px) 100vw, 1030px\" \/><\/p>\n<p>Oplagt af Henrik Bach 2020<\/p>\n<p><img loading=\"lazy\" decoding=\"async\" class=\"alignnone size-medium wp-image-4971\" src=\"https:\/\/fugleskydning.dk\/wp-content\/uploads\/2023\/01\/kffs-300x71.jpg\" alt=\"\" width=\"300\" height=\"71\" srcset=\"https:\/\/fugleskydning.dk\/wp-content\/uploads\/2023\/01\/kffs-300x71.jpg 300w, https:\/\/fugleskydning.dk\/wp-content\/uploads\/2023\/01\/kffs.jpg 460w\" sizes=\"auto, (max-width: 300px) 100vw, 300px\" \/><\/p>\n<\/div><\/section><\/div><div class='flex_column av-26hoyi-aa410e4cc1b20be2c1b17c6def34469c av_one_fourth  avia-builder-el-6  el_after_av_one_half  avia-builder-el-last  flex_column_div '   ><\/div><\/p>\n","protected":false},"excerpt":{"rendered":"","protected":false},"author":2,"featured_media":0,"parent":0,"menu_order":0,"comment_status":"closed","ping_status":"closed","template":"","meta":{"om_disable_all_campaigns":false,"footnotes":""},"folder":[],"class_list":["post-5546","page","type-page","status-publish","hentry"],"_links":{"self":[{"href":"https:\/\/fugleskydning.dk\/index.php?rest_route=\/wp\/v2\/pages\/5546","targetHints":{"allow":["GET"]}}],"collection":[{"href":"https:\/\/fugleskydning.dk\/index.php?rest_route=\/wp\/v2\/pages"}],"about":[{"href":"https:\/\/fugleskydning.dk\/index.php?rest_route=\/wp\/v2\/types\/page"}],"author":[{"embeddable":true,"href":"https:\/\/fugleskydning.dk\/index.php?rest_route=\/wp\/v2\/users\/2"}],"replies":[{"embeddable":true,"href":"https:\/\/fugleskydning.dk\/index.php?rest_route=%2Fwp%2Fv2%2Fcomments&post=5546"}],"version-history":[{"count":0,"href":"https:\/\/fugleskydning.dk\/index.php?rest_route=\/wp\/v2\/pages\/5546\/revisions"}],"wp:attachment":[{"href":"https:\/\/fugleskydning.dk\/index.php?rest_route=%2Fwp%2Fv2%2Fmedia&parent=5546"}],"wp:term":[{"taxonomy":"folder","embeddable":true,"href":"https:\/\/fugleskydning.dk\/index.php?rest_route=%2Fwp%2Fv2%2Ffolder&post=5546"}],"curies":[{"name":"wp","href":"https:\/\/api.w.org\/{rel}","templated":true}]}}